rue
Is 131069987 composite?
False
Is 499003 a composite number?
True
Is 5989859 a composite number?
True
Is 29256041 a composite number?
True
Is 748129 composite?
True
Is 79944981 a composite number?
True
Is 81954419 a composite number?
False
Is 236160491 a prime number?
False
Is 17595863 a prime number?
True
Is 143946937 prime?
True
Is 447043 composite?
True
Is 81655993 a prime number?
False
Is 100159 a prime number?
False
Is 900539 composite?
False
Is 94610921 composite?
False
Is 22003297 composite?
False
Is 35769 a composite number?
True
Is 1595851 a prime number?
False
Is 1905247 prime?
True
Is 25883827 a prime number?
True
Is 3265949 a composite number?
False
Is 88390279 composite?
False
Is 7572263 a composite number?
False
Is 10059061 a composite number?
False
Is 186211 a composite number?
False
Is 21254491 a prime number?
True
Is 1504949 a composite number?
False
Is 10585217 a prime number?
True
Is 1227403 a composite number?
True
Is 615229 prime?
True
Is 8857639 composite?
True
Is 2382431 prime?
False
Is 76076177 prime?
True
Is 110549851 composite?
False
Is 772049 composite?
True
Is 11421323 a composite number?
False
Is 3231049 a prime number?
True
Is 25031561 a prime number?
True
Is 4723393 a prime number?
False
Is 30979867 composite?
False
Is 84660123 a composite number?
True
Is 7487723 prime?
True
Is 16945699 composite?
False
Is 17916454 prime?
False
Is 11897367 a composite number?
True
Is 70138067 prime?
True
Is 3638366 composite?
True
Is 3085583 composite?
True
Is 371005751 composite?
True
Is 259547 composite?
False
Is 515069 a prime number?
False
Is 919099 a prime number?
False
Is 3411442 prime?
False
Is 499185989 a prime number?
True
Is 3266863 prime?
False
Is 1640131 composite?
False
Is 54848551 a prime number?
True
Is 58730827 a prime number?
True
Is 95126303 composite?
False
Is 15904681 prime?
False
Is 771329 composite?
True
Is 3229999 a composite number?
True
Is 189151993 a composite number?
False
Is 7864811 a composite number?
False
Is 43858 composite?
True
Is 1539203 a prime number?
False
Is 14754995 composite?
True
Is 7009199 a composite number?
False
Is 10576807 prime?
True
Is 16653137 composite?
False
Is 7574267 a composite number?
True
Is 446009051 composite?
True
Is 3357239 a composite number?
False
Is 16669977 a prime number?
False
Is 66722567 a composite number?
False
Is 95096819 composite?
False
Is 4218157 a prime number?
True
Is 14090711 composite?
False
Is 24783037 a composite number?
False
Is 5066701 composite?
True
Is 11907827 prime?
False
Is 62938 a prime number?
False
Is 679943 prime?
False
Is 8791777 prime?
False
Is 398230669 a prime number?
True
Is 225430453 composite?
False
Is 101291483 prime?
False
Is 127877831 a prime number?
True
Is 15265429 a prime number?
True
Is 1275011 a prime number?
True
Is 1591033 a composite number?
False
Is 23956481 prime?
True
Is 441204671 a prime number?
True
Is 12396817 composite?
True
Is 65986273 a composite number?
True
Is 15239629 a composite number?
True
Is 1173779 a prime number?
True
Is 881617 a prime number?
False
Is 14210149 a composite number?
True
Is 88298657 a prime number?
True
Is 26158507 a composite number?
False
Is 2809418 a prime number?
False
Is 10994023 composite?
True
Is 112821395 a prime number?
False
Is 663098977 composite?
False
Is 8260445 a composite number?
True
Is 1112941 a composite number?
False
Is 3606241 composite?
True
Is 95360077 composite?
False
Is 64474789 prime?
False
Is 46932329 a prime number?
False
Is 2261793 composite?
True
Is 8685517 a prime number?
True
Is 105434621 prime?
True
Is 66055511 prime?
True
Is 182328439 composite?
True
Is 517693801 a prime number?
True
Is 98999 a composite number?
False
Is 9465145 prime?
False
Is 4881391 composite?
True
Is 2514599 prime?
True
Is 16267703 a prime number?
False
Is 3109607 a prime number?
True
Is 69500569 a prime number?
False
Is 1719566 a composite number?
True
Is 5348909 a composite number?
False
Is 69265519 prime?
False
Is 291297821 composite?
False
Is 79710431 a prime number?
True
Is 3707833 a prime number?
False
Is 26826089 composite?
False
Is 191918461 prime?
False
Is 78367937 a prime number?
True
Is 3419727 composite?
True
Is 3271193 prime?
False
Is 308977 a prime number?
False
Is 12120833 composite?
False
Is 332294101 prime?
True
Is 96125681 composite?
False
Is 23040491 a composite number?
True
Is 2098133 a prime number?
True
Is 2384143 a composite number?
False
Is 13144169 composite?
False
Is 1296877 prime?
True
Is 45461827 prime?
True
Is 212321839 a prime number?
False
Is 4446763 a prime number?
True
Is 1377533 prime?
True
Is 3678527 a composite number?
False
Is 35073977 a composite number?
False
Is 36657197 prime?
True
Is 3730607 prime?
True
Is 1539961 composite?
False
Is 488327 prime?
False
Is 11369687 composite?
True
Is 109665943 prime?
False
Is 4663081 a composite number?
True
Is 120692399 prime?
True
Is 886553 composite?
True
Is 44202183 a prime number?
False
Is 16108387 composite?
False
Is 34839593 prime?
True
Is 14684407 composite?
True
Is 14299037 prime?
False
Is 6424906 a prime number?
False
Is 2988953 a prime number?
False
Is 7387949 prime?
False
Is 84441173 prime?
True
Is 23568845 a prime number?
False
Is 54110477 prime?
False
Is 6434833 prime?
True
Is 1660357 a composite number?
False
Is 84180067 a composite number?
False
Is 430651031 a composite number?
True
Is 260789053 a prime number?
False
Is 755945 a composite number?
True
Is 12464629 prime?
False
Is 4886393 a composite number?
False
Is 1515791 composite?
False
Is 368773 prime?
True
Is 19795421 prime?
False
Is 27806321 a prime number?
True
Is 34235393 composite?
False
Is 2789011 a composite number?
False
Is 37202541 composite?
True
Is 7019203 a prime number?
True
Is 10676293 prime?
False
Is 65207321 a composite number?
True
Is 444647 composite?
True
Is 1205041 composite?
True
Is 128237657 a prime number?
False
Is 2441723 prime?
True
Is 17395891 composite?
False
Is 6964231 prime?
True
Is 9033746 composite?
True
Is 1666087 a prime number?
False
Is 10375697 a prime number?
False
Is 28801729 a prime number?
False
Is 6166451 prime?
True
Is 223035283 a composite number?
False
Is 2673343 composite?
False
Is 89044543 composite?
True
Is 34703473 a prime number?
False
Is 16669183 a prime number?
True
Is 118131823 a composite number?
True
Is 44517461 a composite number?
True
Is 4921991 prime?
False
Is 49353403 prime?
False
Is 16137971 a composite number?
False
Is 3605291 a prime number?
True
Is 3010158553 a prime number?
True
Is 6394709 prime?
True
Is 160192801 a composite number?
False
Is 5164559 composite?
True
Is 14577893 a composite number?
True
Is 489239 a prime number?
True
Is 3994329 composite?
True
Is 1676869 prime?
True
Is 65892847 composite?
True
Is 98207 composite?
False
Is 10516757 prime?
True
Is 23494027 a composite number?
False
Is 1375793 prime?
False
Is 7184719 prime?
False
Is 7522703 a prime number?
False
Is 2429083 a composite number?
False
Is 55755991 a composite number?
True
Is 21832079 composite?
False
Is 7192957 composite?
True
Is 28052267 composite?
False
Is 4702301 prime?
False
Is 119083891 a composite number?
True
Is 236146334 prime?
False
Is 488539 composite?
False
Is 3529861 composite?
False
Is 19861291 a composite number?
False
Is 20134873 composite?
True
Is 37490027 a prime number?
False
Is 266484287 composite?
True
Is 902137 prime?
True
Is 1281083 a prime number?
True
Is 40199603 prime?
False
Is 9181127 a prime number?
True
Is 4065857 a composite number?
False
Is 6162857 prime?
False
Is 55619 a composite number?
False
Is 4875097 composite?
False
Is 1819807 composite?
True
Is 111847529 composite?
True
Is 5543969 a prime number?
False
Is 47874383 a composite number?
False
Is 9817103 composite?
False
Is 11927849 a composite number?
False
Is 26051957 a composite number?
True
Is 56974177 composite?
True
Is 12084403 a composite number?
False
Is 24939235 prime?
False
Is 1544011 a prime number?
False
Is 372987397 a prime number?
True
Is 9673513 composite?
True
Is 1196707 composite?
False
Is 9908191 a composite number?
True
Is 237960053 composite?
False
Is 39412151 a prime number?
False
Is 89191 prime?
False
Is 54468077 a composite number?
False
Is 18111029 composite?
False
Is 3239957 a composite number